- 25*z = -27. Let w = 211 + -130. What is the greatest common factor of w and z?
27
Suppose 2*l - 111 = -3*f, -3*l + 4*f + 98 = -26. What is the greatest common divisor of 132 and l?
12
Suppose -57*h + 63 = -50*h. Suppose -4*q = -0*q - 288. What is the highest common factor of q and h?
9
Let k = 187 + 49. What is the highest common factor of k and 59?
59
Suppose r = 5*q - 8 + 2, 3*q = -2*r + 27. Suppose -192 - 528 = -16*k. What is the greatest common divisor of r and k?
9
Suppose -n + 10 = n. Suppose 2*p + 5*g = 24, p - 4*p + 86 = -n*g. Let t = -26 - -37. What is the greatest common divisor of p and t?
11
Suppose 4*u - 12 = -4*v, 3 + 0 = 2*u - v. Let t = -165 - -159. Let c be (u/t)/(3/(-1089)). Calculate the highest common divisor of c and 11.
11
Let k = 369 + -349. Let f = 0 - -4. Calculate the greatest common divisor of f and k.
4
Let y(o) = -3 + 5 + 3*o + 2*o**2 + 2 - 6*o. Suppose -4*b = 5*u - 23, -b = 2*b - 6. Let x be y(u). What is the greatest common divisor of x and 52?
13
Suppose -2*c = 5*p - 1873, -5*p + 5*c = -3*p - 755. Let a = p - 195. What is the highest common factor of 20 and a?
20
Suppose 1328 = 5*i - 2*a, 4*a + 247 = 2*i - 297. What is the greatest common divisor of i and 24?
24
Let h = -25 - -40. Suppose 160 = -13*u + h*u. Calculate the greatest common factor of 32 and u.
16
Let a = -6 - -17. Let v = a - -6. What is the greatest common factor of v and 119?
17
Let k = -536 - -661. Let u be 2/(-8) + (-402)/(-8). What is the highest common divisor of u and k?
25
Suppose 4*n + n = 4*j + 632, -2*j + 4 = 0. Calculate the highest common factor of n and 96.
32
Let d(c) = -356*c + 1 + 2 + 359*c. Let n be d(3). Calculate the greatest common divisor of n and 84.
12
Let h be 0 + 0 - -2 - -1. Suppose -h*b + 41 = r, -r - b + 37 = -0*b. Let s be (15/(-6))/(2/(-4)). Calculate the highest common factor of s and r.
5
Let c(f) = -2*f + 27. Let s be c(11). Suppose 2*r - h - h - 34 = 0, 4*r - 23 = -s*h. Calculate the greatest common factor of 4 and r.
4
Let a be ((-50)/(-1))/2 + -1. Suppose -5*z - 93 = -3*c, 2*c - 5*c = -3*z - 51. Let y be (z/(-35))/((-1)/(-20)). What is the greatest common factor of y and a?
12
Let d(y) be the second derivative of y**4/12 - 5*y**2/2 - 21*y. Let j be d(-4). Calculate the highest common factor of 88 and j.
11
Let b(d) = 3*d**3 - 2*d**2 + 30*d - 24. Let r be b(6). Calculate the highest common divisor of 12 and r.
12
Let l = -116 - -118. Let d be 21/l + (35/(-10) - -4). Calculate the greatest common divisor of 209 and d.
11
Suppose 3*z + 9 = 4*w, -3*z - 149*w = -150*w. Let k be (0 - -1) + (-1 - -1). What is the highest common factor of z and k?
1
Suppose 4*y = 123 + 477. Calculate the greatest common divisor of 6 and y.
6
Suppose -16 = -5*y + y, 4*y - 24 = 2*t. Let r be 43/2 + 2/t. Calculate the greatest common divisor of 7 and r.
7
Suppose 3*m + 5*s - 117 = 0, 14*m - 19*m + 211 = 3*s. What is the highest common divisor of m and 44?
44
Let i = 1545 - 1437. Calculate the greatest common divisor of i and 600.
12
Suppose 5836 = 20*o - 25044. Calculate the greatest common divisor of 8 and o.
8
Let r = 306 + -292. What is the highest common divisor of r and 602?
14
Let i(p) = 78*p - 167. Let j be i(9). Calculate the greatest common divisor of 321 and j.
107
Let f be 0*(16/(-4) + 5). Suppose f = -10*k - 0*k + 120. What is the highest common divisor of k and 60?
12
Let w = 230 + -122. What is the highest common factor of w and 4?
4
Suppose 0 = 5*t - t - 20. Suppose -9*r = -t*r - 44. What is the highest common divisor of 1 and r?
1
Let p = 13 + -8. Suppose p*k - 410 - 560 = 0. Let i = 271 - k. Calculate the highest common divisor of 11 and i.
11
Let r(i) = i**3 - 20*i**2 + 20*i - 4. Let d be r(19). Suppose -100 = -w + 20. Calculate the greatest common factor of w and d.
15
Let m(z) = 4*z**3 - 4*z + 4. Let w be m(2). Let h be (-7)/(w/32 - 1). Suppose 5*v = -0*v + 40. What is the greatest common factor of v and h?
8
Let a(h) = -2 + 10 + h + 5. Let w be a(-12). Suppose b + w = 3. Calculate the greatest common factor of b and 1.
1
Let k(m) be the first derivative of m**2/2 + 6*m + 15. Let c be k(0). Calculate the highest common divisor of c and 2.
2
Suppose 0 = 2*b + 2*m - 18, b - 30 = -2*b - 2*m. Suppose 0 = -d - 2*d + 45. Let a = -3 + d. What is the greatest common factor of b and a?
12
Let z = 46 - 42. Suppose 2*m = -z*n + 32, m - 7*n - 20 = -5*n. Calculate the greatest common factor of m and 6.
6
Let x be 16 - ((-3 - -2) + 6). Let v be 10*(0 - 66/(-15)). What is the highest common factor of x and v?
11
Let m = 607 - 599. Let j = 100 - 68. Calculate the highest common factor of m and j.
8
Suppose 9*o + 3*d = 7*o + 15, -4*o + 4*d = 0. Suppose 3*u - 15 = o. Calculate the highest common factor of 24 and u.
6
Let k = 0 + 5. Suppose 3*f = k*f - 3*q + 675, -f - q = 335. Let u be (1 - -1)/((-12)/f). Calculate the highest common factor of 14 and u.
14
Suppose 3*u + b - 637 - 396 = 0, 0 = -2*u - 2*b + 686. What is the greatest common divisor of 120 and u?
15
Suppose -8*n = 7*n - 1485. Suppose 3*t - 2 = -l + 34, 3*l = 4*t - 35. Calculate the greatest common factor of n and t.
11
Suppose -2*n + 14 - 8 = 0. Suppose -n*k + 3*u = -159, 5 = -5*u - 0. What is the highest common divisor of k and 468?
52
Let c = 75 + 21. Let o(w) = 14*w**2 + 3*w - 71. Let z be o(3). Calculate the greatest common divisor of c and z.
32
Suppose -54 = -f + 3*j, -4*f - 39 + 307 = j. Calculate the greatest common divisor of f and 33.
33
Let c be (-16848)/(-248) + 6/93. What is the greatest common factor of 544 and c?
68
Let x(i) = 15*i**2 + 4. Let l be x(2). Let v(r) = -r**2 - 12*r - 1. Let a be v(-12). Let j be -3 - (-11)/a*-1. Calculate the greatest common divisor of j and l.
8
Let u(z) = -z**2 - 15*z + 19. Let a be u(-16). Suppose -h + a*r + 20 = 2*r, -3*h - 4*r + 88 = 0. Calculate the greatest common factor of h and 60.
12
Let p = 166 - 138. What is the highest common divisor of 4 and p?
4
Let w(y) = -2*y + 11 + 3*y - 2*y. Suppose g - 20 = -3*o, 4*o - 16 = -2*g + 8. Let s be w(o). What is the greatest common divisor of s and 1?
1
Let w be (-1)/4 - (-21)/4. Let f = 1149 + -767. Suppose w*t - 3*h - f = 0, h = -3*t + 2*h + 226. What is the highest common divisor of 37 and t?
37
Suppose 4*w = -3*j + 47, 0 = j + 3*w - 15 - 9. Let q be (-3)/(-2)*-3*-2. Calculate the highest common divisor of j and q.
9
Let l be 42/(-8)*136/(-51). Let n be (-8)/3*(-6)/(-4). Let u be n/12 - 64/(-3). Calculate the highest common factor of l and u.
7
Let x = -220 + 246. Calculate the highest common factor of x and 299.
13
Suppose -9*m + 305 = 107. Let p = -17 - 6. Let i = m - p. Calculate the highest common factor of i and 30.
15
Let i = -94 - -153. Calculate the greatest common divisor of 59 and i.
59
Suppose -5*p = -m + 274, 377 = m + 4*p + 121. Suppose c - 12 = -4*j, -4*c - c + 3*j + 129 = 0. Calculate the highest common factor of m and c.
24
Let m be (-2)/(-4)*36*(2 - 1). Calculate the greatest common factor of m and 306.
18
Suppose -s = -b - 3, -3*b - s + 3 = 2*b. Let d be (7 + b)*16*1. Let t(r) = -192*r + 1166. Let z be t(6). What is the highest common divisor of z and d?
14
Suppose -1 + 66 = 5*a. Let x(d) = d**2 - 12*d - 1. Let o be x(a). Calculate the highest common divisor of 48 and o.
12
Let i be 2 - -20*9/(-6). Let l(k) = k**2 + 28*k + 75. Let v be l(i). What is the greatest common factor of v and 50?
25
Let q(t) be the second derivative of -t**4/12 - 23*t**3/6 - 12*t**2 + 26*t. Let b be q(-21). What is the greatest common factor of b and 12?
6
Suppose -p = 2, -433 = -3*l - p - 21. What is the highest common factor of 759 and l?
69
Let a be ((-78)/91)/(1/(-14))*4. What is the greatest common divisor of a and 144?
48
Suppose -70*s = -98*s + 504. Let p be 4/10 - 223/(-5). Calculate the greatest common factor of s and p.
9
Suppose -4*a - 2*c - 108 = 0, 0*c = -3*c + 6. Let s be (-57)/21 + 8/a. Let r be 3/(2/(-4)*s). What is the highest common factor of r and 10?
2
Let o(n) = n**3 + 4*n**2 + n - 1. Let u be o(-3). Suppose u*z - 4*z - 1 = 0. Let v = z - -114. What is the greatest common factor of 23 and v?
23
Let m = 253 + -181. What is the greatest common factor of m and 168?
24
Let g be 4/22 - 41552/(-154). Suppose -j = -6*j + g. What is the greatest common divisor of 18 and